+ 2*n**3. Let z be -15*-6*(3/10)/(225/50). Determine g(z).
7
Let c be (700/(-150))/(3/((-9)/2)). Let y(h) = 2 + 14*h**2 - c*h**2 - 6*h**2 + h**3 + h. What is y(2)?
16
Let c(a) = -4*a + 65. Let v = -3500 - -3519. What is c(v)?
-11
Let t(o) = -15*o**3 + 13*o**2 - 130*o + 23. Let l(a) = -4*a**3 + 3*a**2 - 34*a + 6. Let r(b) = 11*l(b) - 3*t(b). Give r(4).
29
Suppose 130*y - 12*y - 27 + 145 = 0. Let p(s) = -2*s + 1. Suppose 4 = -t - 3*c, -c = -2*c - 2. Let b(o) = 2*o - 1. Let z(x) = t*b(x) + 3*p(x). Determine z(y).
3
Let p be (-4095)/2898 - (-2)/(-23) - 2/4. Let r(f) = 6*f + 14. Give r(p).
2
Let m(n) = -n - 3. Let z be ((4 - -1)*27)/(1/1). Let v = z - 129. Let k(b) = -3*b - 7. Let o(l) = v*k(l) - 15*m(l). What is o(8)?
-21
Let z = -12 + 2. Let m(o) = -7*o**2 - 3*o + 17. Let y = 460 - 466. Let h(r) = 6*r**2 + 4*r - 15. Let f(a) = y*h(a) - 5*m(a). Calculate f(z).
-5
Let z(t) = -10 + 2*t + 16 + 19 + 6 - 1. Give z(-9).
12
Let c be (-20)/5 + (2 - -4). Suppose 2 = r + c. Suppose r = -w - l - 6, 7*w - 4*w - 3*l - 12 = 0. Let v(u) = 11*u**3 + u**2 - 1. What is v(w)?
-11
Let a = -1648 - -1642. Let s(r) = -3*r**2 - 2*r - 16. Let i(b) = 7*b**2 + 5*b + 33. Let t(q) = -4*i(q) - 9*s(q). What is t(a)?
-12
Let d be 0/11 - (-4 - -324). Let t = d + 312. Let m(g) be the third derivative of -g**5/60 - 7*g**4/24 + g**3/6 - g**2. What is m(t)?
-7
Suppose -202*d = -162*d. Let r(o) = o**3 - 9*o - 10. Determine r(d).
-10
Let t(z) = z**3 + 5*z - 1. Suppose -5*n = d + 20, 2*d + 2*n - 16 = 6*n. Let m be t(d). Let r(i) = 6*i**2 - 2*i - 1. Determine r(m).
7
Let r(v) = v**3 - 22*v**2 - 2*v + 39. Suppose 0 = -2*b - 2*a + 36, 2*a - 76 = -4*b - a. Let d be r(b). Let j(x) = -x**3 - 6*x**2 - 2*x + 3. What is j(d)?
-12
Let y = -842 - -839. Let i(j) = -j**2 - 2*j. What is i(y)?
-3
Let g(a) = 22*a**3 - a**2 - a. Let h(c) = 2*c**3 - 5*c**2 + 4*c + 1. Let q be h(2). Suppose 6*r = r - 2*d + 3, q*r + d + 1 = 0. Calculate g(r).
-22
Let h be 2156/110 + 22/5 + -3. Let j(z) = -8 - 11*z - 2 + 8*z + h - 8. Let c = -1 + -7. Give j(c).
27
Let d(u) = 329*u - 14. Let a(w) = -36*w. Let x(l) = 9*a(l) + d(l). Determine x(2).
-4
Let x(j) = -1 + 2 + 7*j - 6 - 4*j**2 + 4. Let v(y) = -9*y**2 + 14*y - 3. Let a be (1/(-4))/(10/(-280)). Let b(o) = a*x(o) - 3*v(o). Give b(6).
8
Let o(r) = -9*r**3 - 8*r + 5. Let c(b) = 2*b**3 - b**2 + 2*b - 2. Let j(v) = 3*c(v) + o(v). Suppose -4*h = 6 + 2. Give j(h).
15
Let h be 2/(1/((-6)/(-4))). Let c(z) = -2*z + 13*z**3 + 4*z**2 + 1 + 11*z**3 + 14*z**h - 39*z**3. Give c(4).
-7
Let n be 4473/355 + (-2)/(-5). Suppose 30*u - n*u = 136. Let g(w) = w**3 - 5*w**2 - 2*w + 2. Let y(x) = x**2 - x + 1. Let b(v) = -g(v) + 3*y(v). What is b(u)?
-7
Let b(s) be the first derivative of 91*s**2 - 42*s**2 - 50*s**2 - 49 - 6*s. Determine b(-6).
6
Let s(j) = 5*j**3 - 3*j**2 - 2*j - 5. Let x(t) = 2*t**3 - 42*t + 42. Let r be x(1). Give s(r).
19
Suppose 51*f = 53*f + 2*n - 12, -5*n = -2*f - 9. Let d(p) = p + 2*p**f + 4*p**2 + 5*p + 150 - 149 - 3*p. Determine d(-2).
-5
Let u(v) be the second derivative of -v**7/840 - 43*v**4/24 - 211*v**3/6 - 32*v - 1. Let x(z) be the second derivative of u(z). Calculate x(0).
-43
Let h(g) = -g + 10. Let j be h(6). Suppose 7*l - 7 - 7 = 0. Let s(m) = l*m**3 - m**3 - 3*m**2 + 21*m - 16*m - 8*m. What is s(j)?
4
Let m(y) be the first derivative of -29*y**2/2 - 3*y + 510. Give m(2).
-61
Let s(n) = 13*n**3 - 16*n**2 - 7*n + 1. Let y(a) = 9*a**3 - 10*a**2 - 5*a + 1. Let q(l) = 5*s(l) - 8*y(l). Determine q(2).
-49
Let n(c) = 2*c**2 + 30*c - 60. Let u(r) = -r**2 - 15*r + 31. Let o(q) = -6*n(q) - 11*u(q). Let m be o(-16). Let f(v) = -v**3 + 3*v**2 + 2*v - 3. Calculate f(m).
3
Let d(p) = 4*p - 11. Suppose 0 = -9*x - 20 + 14 - 21. Give d(x).
-23
Let k(a) = 4*a + 3*a**2 - 28*a - 2*a**2 + 128 - 5*a**2 + 5*a**2. Calculate k(8).
0
Let t = -4380 + 4378. Let k(s) = -17*s - 13. Determine k(t).
21
Suppose 4*l = 4*d - 9*d + 102, 0 = -2*l + d + 58. Let v be l/5 + (-3)/5. Let y(r) = 0*r + 4*r - 11 - v*r + 1. Give y(-10).
0
Let b(g) = g**2 + 11*g - 10. Let q = 769 + -784. Determine b(q).
50
Let t(p) = -36*p**2 + 23*p - 25. Let h(u) = 65*u**2 - 46*u + 51. Let l(r) = 5*h(r) + 9*t(r). Determine l(20).
-30
Let q(b) = 8*b - 6. Let m(w) = -23*w + 12. Let u(o) = 6*m(o) + 17*q(o). Determine u(-15).
0
Let m(u) = -u**2 - u + 1. Let a(c) = 7*c**2 + 2*c - 3. Let t(j) = -a(j) - 2*m(j). Let d be (1/((-3)/2))/(20/30). What is t(d)?
-4
Let x(b) = -b**2 - 14*b + 19. Let o = -5087 - -5072. What is x(o)?
4
Suppose o + 14 = 8*o. Let l(t) = -60 - t**o - t**3 + 90 + t + 0*t**2. Let h(i) = 36*i + 180. Let r be h(-5). Determine l(r).
30
Let k(p) = -4*p + 94. Let b be k(8). Let t(z) = 7 - 4 - b*z + 64*z. Calculate t(-6).
-9
Let a(b) = b**2 + 6*b - 1. Let j(y) = 2*y**3 + 30*y**2 + 29*y + 34. Let x be j(-14). Let c be 13 + -14 - 6/(24/x). Give a(c).
-1
Let i(t) be the first derivative of -2*t**3/3 - t**2 - t + 194. Calculate i(7).
-113
Let t be 6 - (3/6 - 3)*2. Let m(d) = -3*d + 9. Calculate m(t).
-24
Let f(o) = o + 4. Suppose -63*d - 15 = -66*d. Suppose 6*k - k = -4*y + 4, -d*y - 4*k - 4 = 0. Determine f(y).
0
Let z(m) be the first derivative of -2*m**3 + 1/4*m**4 + 10 + m + 5/2*m**2. Let w(b) = -4*b - 15. Let r be w(-5). Give z(r).
1
Let y = 32 + -28. Let s(k) be the third derivative of -k**4/24 + k**3/2 + 554*k**2 + 1. Give s(y).
-1
Let q = 5 + -3. Suppose h - 87 = 4*v, 22*h + 2*v = 17*h + 413. Let j(g) = -7*g**2 - 42*g + h*g - 39*g. What is j(q)?
-24
Let l(t) = -29*t**2 + 4*t - 4. Let v(s) = -88*s**2 + 11*s - 11. Let y(d) = -11*l(d) + 4*v(d). Let o(b) = -b**2 + 133*b - 389. Let m be o(3). What is y(m)?
-33
Let f(r) = 8*r - 30. Let q be f(6). Let g(s) = -3*s + q*s - 14*s - 1. Calculate g(1).
0
Let l(g) be the third derivative of 0 + 1/24*g**4 + 5*g + 1/3*g**3 - 6*g**2. Let v = -12 - -7. Calculate l(v).
-3
Let q(t) be the third derivative of -t**6/120 - t**5/5 + 2*t**4/3 + 5*t**3 + 610*t**2. What is q(-13)?
-9
Let z(i) = 2*i + 8. Let u(q) = -q - 3. Let r(w) = -8*u(w) - 3*z(w). Let k(l) = l + 10. Let t = -18 + 6. Let h be k(t). Give r(h).
-4
Let q(r) = -6*r - 80. Let d(f) = 3*f + 40. Let t(a) = -7*d(a) - 4*q(a). Let w be t(-11). Let y(n) = -n**3 + 6*n**2 + 8*n + 2. Give y(w).
9
Let p(l) = 12*l - 5659 - 7*l + 5655. Let n = 22 - 19. Give p(n).
11
Let r(s) be the second derivative of 2*s - 1/3*s**3 + 11 - 7*s**2 - 1/20*s**5 - 5/6*s**4. What is r(-10)?
6
Let q(h) = -9*h**3 + 12*h + 28. Let w(a) = 4*a**3 - 5*a - 12. Let i(j) = -3*q(j) - 7*w(j). Calculate i(0).
0
Suppose r - 7 = -3. Let m(w) = 11*w**2 + 4*w - 10. Let s(a) be the first derivative of 2*a**3/3 - a - 57. Let q(h) = -m(h) + 6*s(h). What is q(r)?
4
Let m(o) = -o**2 - 23*o - 68. Let u be m(-18). Let f(r) = r**3 + 23 - u - 6*r - 2 + 2*r + 4*r**2. Give f(-5).
-6
Let f(c) be the third derivative of c**5/30 - 35*c**3/6 + 5*c**2 + 2*c - 39. Determine f(-4).
-3
Let h(o) = -7*o**3 + o - 1. Let r be h(1). Let v(q) be the third derivative of -q**6/120 - 2*q**5/15 - 7*q**4/24 + 5*q**3/6 - 12*q**2 + 131. Give v(r).
5
Let j(k) = 2*k - 4. Let i(w) = -8*w + 16. Let t(v) = -v + 1. Let l(q) = -i(q) + 3*t(q). Let x(s) = -8*j(s) + 3*l(s). Let h = -96 + 90. What is x(h)?
-1
Let q(v) be the third derivative of v**5/60 - v**4/4 - 5*v**3/6 + v**2. Suppose 4*z - 3*x = -5, 3*z = -43*x + 49*x - 45. Determine q(z).
2
Let s(v) = -23*v - 6*v - 3 + 15*v + 8*v. Determine s(6).
-39
Suppose 0 = -2*u + n + 3, -2*u - n - 2 - 5 = 0. Let o(z) be the third derivative of 5*z**4/24 + 221*z**2. What is o(u)?
-5
Suppose 0 = 3*d + 5*n - 1, -4*n - n - 7 = -d. Let y(a) = -2 + a**d + 84*a + 84*a - 172*a. What is y(6)?
10
Let o(m) be the third derivative of 4*m + 1/30*m**5 - 4*m**2 - 3/8*m**4 + 0 + 7/6*m**3. Give o(7).
42
Let f(b) = -24*b**2 + 21*b - 154. Let u(i) = -17*i**2 + 15*i - 102. Let j(h) = 5*f(h) - 7*u(h). What is j(0)?
-56
Let w(p) = 3*p**2 - 388*p - 1053. Let i be w(132). Let d(k) = 18*k - 11. Calculate d(i).
43
Let d = 4449 + -4439. Let y(b) = -b**3 + 8*b**2 + 21*b - 12. Give y(d).
-2
Let d(y) = -4*y**2 + 11*y - 4. Let s(o) = -5*o**2 + 11*o - 2. Let z(a) = 4*d(a) - 3*s(a). Suppose 23*f + b - 36 = 18*f, -5*b + 12 = f. What is z(f)?
18
Let y = 616 - 628. Let w(v) = 3*v + 20. What is w(y)?
-16
Let m(t) = -17 - 358*t**2 - 360*t**2 - 33*t + 715*t**2. What is m(-10)?
13
Suppose -3*p = -4*p 